 - ((-4 - 2) + 0) - -7?
0
-5 + 2 + (-1 - 1 - (15 + -8))
-12
What is the value of (-54 + 17 - -21) + -4?
-20
What is the value of 6 - (-5 - (-4 + -2) - -5)?
0
Evaluate -20 - -6 - ((-25 - 7) + -3).
21
What is the value of (-820 - -825) + (1 + -1 - (1 - 7))?
11
Evaluate -2 - -9 - ((-9 - -3) + 18 + -8).
3
Evaluate -4 + (4 - 0) - 5 - -21.
16
What is 11 - (-18 + (-31 - -72))?
-12
(-7 - -12 - -3) + (17 - 33)
-8
-11 + (-5 - -22) - (5 - -1)
0
What is (-10 - 12) + 14 - (2 + -10)?
0
What is -5 + 2 + 4 - -1 - (3 - -3)?
-4
Calculate 9 - ((-166 + 161 - (-5 + 0)) + 18).
-9
Evaluate 7 - (33 + (-9 - (5 + -4) - -20)).
-36
What is 6 - 0 - (15 + 3 + -15 + -7)?
10
Evaluate (-8 - -8) + 2 + -5 + 23.
20
Calculate 7 - (-26 - (-39 - -12)).
6
What is -28 + (-2 - -4) - (-36 - -28)?
-18
(-25 + 31 - 2) + (-21 - -1)
-16
Evaluate 44 + -6 - (6 - -16).
16
Evaluate (-12 - 20) + 4 + 14 + -10.
-24
-6 + 2 + (-7 - (-21 + 22))
-12
Calculate (22 + -13 - (4 + 8 + -3)) + 15.
15
Calculate -1 + -6 + (0 - (-2 + 4 + 1)).
-10
7 + 19 + (-6 - (4 + (5 - 10)))
21
-13 - (-5 - (6 - -20))
18
3 + 5 - ((35 - 7) + -13)
-7
(0 - (2 + 24) - (-21 + 13)) + 3
-15
What is the value of (-9 - (-37 + 22)) + -23?
-17
What is (-35 + 42 - (15 + 2)) + 5?
-5
What is the value of -7 + -11 + 0 + (-22 - (41 - 53))?
-28
What is -12 + -3 + (-2 - -13)?
-4
0 - (-4 - -5) - (-18 + 9)
8
Calculate -25 - -29 - ((2 - 2) + 1).
3
Calculate -21 + -10 + 20 + -8.
-19
What is the value of 1 + -27 + 3 - (101 - 109)?
-15
Calculate 2 + -10 - (-1 + -2 + -54 + 50).
-1
(4 - (3 - 1)) + -13
-11
-10 + (11 - (12 - (0 + -9)))
-20
-6 + (4 - 9) + -1
-12
What is 0 + 1 + 17 + (82 - (31 + 47))?
22
Calculate 0 - 2 - -11 - (62 - 57).
4
Evaluate (1 + -4 - -2) + 20 + -19.
0
What is the value of 3 - (2 - 23 - -1) - (-9 - -15)?
17
7 + (-5 - -3 - (-2 + 7))
0
Calculate -15 + (7 - -14 - -8).
14
What is (8 - (34 - 7)) + 12?
-7
Evaluate (8 - (-12 - -12)) + (2 - 8) - -1.
3
What is (-19 - (11 + -11)) + 33?
14
What is the value of 5 + 8 + -5 - ((-4 - 1) + -10)?
23
Evaluate 9 + 5 + (8 - 12) + 4.
14
Calculate (2 - -10) + -42 + 8.
-22
Evaluate (3 - ((-2 - 6) + 5)) + -9.
-3
What is the value of 22 - (-39 + 20 - -41)?
0
What is the value of (-3 - 4) + 10 + -11 - -6?
-2
Calculate 33 + -13 - 12 - (11 + 0).
-3
What is the value of -4 + (46 + -16 - 13)?
13
843 + -860 - (3 + -1 + -3)
-16
-28 + 0 + 9 + 10 + -14
-23
What is the value of 36 + -13 - (19 - (17 - 8))?
13
What is 47 - 35 - 9 - 5?
-2
What is the value of -4 + (-4 - (4 + -4 + -6))?
-2
What is the value of -4 - (18 - (12 - 8) - 11)?
-7
What is the value of 4 + 1 - (-16 - (26 + -1 - 45))?
1
What is the value of 28 - 25 - (0 + 0) - -4 - 7?
0
What is the value of (-2 - (0 + 5 + -9)) + 10?
12
What is the value of 55 + -14 + (-52 - -35)?
24
Evaluate (-9 - -17 - 1 - 3) + -12.
-8
4 + (12 - (-10 - -25)) + 0
1
What is the value of (-45 - -26 - (-26 - -5)) + (29 - -1)?
32
Calculate 8 - (-14 + 10 - -8).
4
Calculate 2 + (14 - 10) + -12 + -3.
-9
Calculate 0 - (-5 + 2 + 6 + -4).
1
Evaluate 14 - 11 - (-7 + (5 - 34)).
39
Calculate (-25 - (-24 - 11)) + -13.
-3
What is -4 + (-31 + 20 - (0 - 6) - -6)?
-3
-12 - ((-26 - 1) + 11)
4
Evaluate -2 - (-3 + -11 - -20).
-8
What is (-5 - -5 - -4) + (3 + -7 - 8)?
-8
Evaluate 5 - (1 - 12 - (95 - 106)).
5
What is 16 - (0 - (-20 + 31 - (1 + 22)))?
4
What is (0 - (4 + -5 + -2)) + -6 + 5?
2
What is 17 - (13 + (41 - 26))?
-11
What is 4 - (26 - 29) - (22 - -2)?
-17
17 + 19 + -27 + (7 - 0)
16
Evaluate 45 - (12 + -34 + 52).
15
Calculate -4 + (11 - 4) - ((0 - -6) + -8).
5
Evaluate (-11 + -11 + 28 - -1) + 0.
7
Evaluate -24 + (7 + 3 - 19 - -20).
-13
Calculate 23 - (3 - (3 - (-6 + -11 + 13))).
27
What is (-29 - -34) + -16 + (-1 - -6)?
-6
What is the value of (-6 - -2) + 12 - 12 - -30?
26
What is 9 - (-6 - -3 - -4 - -2) - 2?
4
(-5 - -17) + -21 + (1 - -16)
8
What is the value of 15 - ((203 - 204) + (3 - -1) + -4)?
16
Calculate -20 - -31 - ((2 - (3 - 3)) + -10).
19
(-11 + -9 - -15) + -20 + -8
-33
Calculate 19 + (-17 - 3) - -12.
11
-14 + (-27 + 17 - -10)
-14
-11 - (-4 - (-2 + (-10 - -2) + 52))
35
-19 + 15 + -3 + -12 + 8
-11
What is 4 + 6 + 1 - (1 + 17) - 18?
-25
-23 + 14 - -9 - -7
7
Calculate 1 + 1 + 30 + -30 + (-2 - 8).
-8
What is the value of -9 + (35 + -17 - -3)?
12
Calculate 5 + (4 - (19 + -35) - 4).
21
Evaluate -1 - (-3 - 0) - -10 - (102 + -102).
12
Calculate -28 - -43 - (25 - 11).
1
What is the value of 4 + -14 + 13 + 3 + 2?
8
Evaluate -4 - (3 - (4 - (2 + 6 + -3))).
-8
(-1 - -1) + (89 - 82) + -2
5
What is the value of (52 - 35) + 0 + 5 + -4 + -2?
16
What is (-224 - -257) + 0 + -15?
18
Evaluate (-12 - -22) + 4 + -46.
-32
What is -14 + 2 - -1 - (-26 - 0)?
15
Calculate 18 + -11 + -18 + 4.
-7
What is ((-10 - 4) + 2 - -4) + (4 - 8)?
-12
Calculate -15 + (6 - (2 + -14)) - (7 - -1).
-5
What is -13 - (3 + -2 + -7)?
-7
Calculate -10 + 20 - (-39 - -38).
11
Evaluate -352 + 351 - (8 - -1).
-10
-10 + 21 + (16 - 40)
-13
Calculate 38 - 53 - ((-2 - -3) + -1).
-15
What is 12 + 0 + -11 + (4 - (17 - -14))?
-26
Evaluate ((-13 - -11) + 15 - 2) + -27.
-16
What is -7 - (35 + -55 - (1 + -1))?
13
Evaluate 6 + 20 + -29 + 6.
3
Evaluate (-41 - -35) + -1 + (-3 - -22).
12
-5 + 15 + -6 + -7
-3
What is -22 + 4 - (3 + -5 - 3)?
-13
What is the value of -10 + (-13 - 1 - (66 + -71))?
-19
-4 - 5 - (-24 + (-1 - 1))
17
What is the value of (1 - 1) + 9 + -771 + 765?
3
Calculate 2 + (6 - 10 - -6) - 8 - -9.
5
What is 12 - (-8 + -6 + 7 + -7)?
26
Calculate -5 + 3 - -32 - 30.
0
Evaluate (29 - 20 - 15) + (0 - (2 - 9)).
1
Evaluate -10 - (1 + -1 + (-22 - -16) + 4).
-8
Evaluate -52 + (38 - -18) - (0 - (4 - 1)).
7
What is the value of 19 + -12 + (-7 - 7)?
-7
Evaluate 17 - ((2 - 2) + (19 - 19)).
17
5 + 9 + (-26 - -12)
0
Evaluate (-8 + 8 + -7 + 9 - -5) + -7.
0
Calculate (4 - 7) + -5 - -21.
13
Calculate 30 + -16 + 33 + -60.
-13
Calculate 15 - 6 - (2 + -3 - -11 - 4).
3
What is the value of 6 - (3 - (15 - (4 + 0)) - 1)?
15
What is the value of -8 + (4 - 5) + -10 - 4?
-23
-18 - (9 + 8 - 33) - (-18 - 0)
16
Calculate 32 - 70 - -62 - (1 + -8).
31
What is the value of 5 - (5 - (-12 - -2))?
-10
Evaluate -3 - (-12 + 15) - -10 - (0 + 19).
-15
Evaluate 1 + 6 + 3 - (103 - 80).
-13
Calculate 37 + 4 + -3 + -9 + -6.
23
What is the value of 23 - (25 + (-24 - -12)) - 15?
-5
Evaluate (-2 - 0 - (-100 - -109)) + 26.
15
What is the value of 2 + -7 + 13 - (-4 + 35 + -5)?
-18
What is the value of 18 - (7 + -17 + (28 - -4))?
-4
What is the value of (8 - -3 - (7 - -10)) + -1?
-7
Calculate 3 - 14 - (-22 + 1).
10
What is (-39 - -114) + (-34 - 2)?
39
Evaluate 7 + 7 + (0 - -1 - 0) + -3.
12
Evaluate (50 - -1) + 322 + -359.
14
What is the value of 14 + (-3 + -7 - 16)?
-12
Calculate -2772 + 2775 - (1 + (0 - -23)).
-21
What is -8 + (6 - 16 - -23)?
5
What is the value of 40 + -47 + (3 - (-2 + 1))?
-3
Evaluate 2 - -3 - (6 + -14 + 4 + 3).
6
What is the value of -185 - -175 - (9 + 1 - (-1 + 1))?
-20
Calculate (-2 - -4) + 1 + (-3 - (-24 + 33)).
-9
Evaluate 301 - 309 - (-3 + (0 - 0) + -1).
-4
What is -6 + 1 - (17 + -20)?
-2
Calculate 17 - (-9 + 14) - (-3 - -5).
10
(4 - (11 - 12)) + 1
6
Evaluate 7 - (-4 - -4) - 6 - (-2 - -2).
1
What is 6 + 8 + 2 + 1 + -1 - 2?
14
What is -26 + 9 + 22 + 12?
17
What is the value of (-26 - (-8 + -24)) + 18?
24
Evaluate (-11 + 3 - -20 - -4) + -13.
3
(-9 - -3) + 6 - (9 + -15)
6
Evaluate 13 - (36 + -5) - 0 - (0 + -2).
-16
What is (1 - -6) + -23 - (6 - -4)?
-26
Evaluate (-1 - (-1 - -6) - 4) + (9 - 5).
-6
98 + -90 - (2 + -1 - 11)
18
What is the value of (-1 - 3 - -2) + (2 + 14 - -6)?
20
(-16 - -10) + -6 - -26
14
Evaluate -1 - (-15 - (7 - (29 - -1))).
-9
Evaluate -12 + (9 - 15) + 19.
1
29 - (-6 + 22 + 1)
12
What is 4 + (-4 - (-3 + -8 + 6)) + -18?
-13
1 + 2 - (-1 + 2 + (0 - -17))
-15
(3 - (-4 - (-8 + 5))) + (0 - 5)
-1
Calculate -29 + (8 + 21 - 16).
-16
What is the value of -24 + (15 - 16) - -15?
-10
What is the value of (-2 - -3) + 2 + (-13 - -9 - 4)?
-5
What is the value of (-17 - -22 - 15) + 29?
19
What is the value of -3 + (12 + -3 - 11)?
-5
-9 + 24 - (12 - -14)
-11
What is (-27 + 27 - 13) + 21?
8
2 + 21 + (-19 - -13) + 0
17
Calculate (-40 - (15 - 10 - -2)) + 5 + 10.
-32
What is 1 + 6 - (15 + (9 - -1 - 1))?
-17
Calculate -6 + 2 + 14 + -3 + 3 + 7.
17
2 - (-15 + -7 + 12 + -7)
19
Calculate 2 + -1 - (-6 + 3 - -3 - 4).
5
90 + -93 + 21 + 0 - (3 + 3)
12
(-34 - -35) + -18 + 9 